s of x?
3, 13, 227
Let h = 140130 + -100048. What are the prime factors of h?
2, 7, 409
Let x = 127934 - 78359. What are the prime factors of x?
3, 5, 661
Suppose 4*r = -35*q + 34*q + 4515, -2*q + 2*r = -9060. List the prime factors of q.
3, 503
Let d(l) = 2*l**3 - 5*l**2 - 331*l - 3*l**3 + 341*l + 9. Let r be d(-7). Let t = 105 - r. List the prime factors of t.
2, 17
Let p = -35510 + 77763. List the prime factors of p.
29, 31, 47
Let z(h) = -2*h**3 - 113*h**2 + 611*h - 51. List the prime factors of z(-62).
19, 229
Suppose 232 = 7*z + 50. Suppose -10458 = -z*d - 16*d. What are the prime factors of d?
3, 83
Let o(f) = 639*f - 1999. List the prime factors of o(16).
5, 7, 47
Let r = -35354 + 61432. List the prime factors of r.
2, 13, 17, 59
Let u = -13809 - -25318. What are the prime factors of u?
17, 677
Let a(u) = u**3 - 60*u**2 + 100*u + 266. What are the prime factors of a(62)?
2, 3, 7, 337
Suppose -33711 = -2*d + 2*t + 107919, d = 4*t + 70815. What are the prime factors of d?
3, 5, 4721
Suppose 36*c - 1562038 = -139*c - 300988. What are the prime factors of c?
2, 3, 1201
Let g be ((-48)/(-40))/((-2)/(-5)). Suppose -m - 2132 = -4*w - g*m, 3*m = 0. List the prime factors of w.
13, 41
Let k be ((-49)/28)/7*-204. Suppose -4*u + 927 = k. What are the prime factors of u?
3, 73
Suppose 175*u - 5228628 = -83*u. What are the prime factors of u?
2, 10133
Suppose 4 = -2*c - 12. Let t be (-2 - 1)*c/12. What are the prime factors of ((-4)/(-3))/(t/6)?
2
Suppose 19*r - 27*r = 21504. What are the prime factors of 5/((-15)/r) + (0 - -1)?
3, 13, 23
Let o(q) = 8*q**2 + 5*q + 6. Let t(h) = -h**2 + h + 1. Let l(w) = o(w) + 2*t(w). What are the prime factors of l(-3)?
41
Suppose 792 = n - 4*r, -4*n + 4*r + 3135 = -r. Suppose -16*x + n + 1220 = 0. List the prime factors of x.
5
Let o = 7675 - 3611. What are the prime factors of o?
2, 127
Let c = 151 + 4630. List the prime factors of c.
7, 683
Let g be -2 + -3 + 9 + -1*2. Suppose g*r + 536 = 2*c + c, -2*c + 2*r = -360. What are the prime factors of c?
2, 11
Let t be 2/(-8) - 74/(-8). Let q(s) = -3*s**2 + 26*s + 22. Let y be q(t). Let h = y + 12. List the prime factors of h.
5
Suppose 0 = -385*h + 358*h + 104517. What are the prime factors of h?
7, 79
Suppose -2*f - 5*v - 2 = -33, -v + 17 = 4*f. Suppose -5*b + u - 14 = 2*u, b + 14 = -f*u. List the prime factors of (-2 - -3) + b + 62.
61
Suppose -2*r + 4510 = 2*g, -g + 13*r - 10*r + 2235 = 0. What are the prime factors of g?
2, 3, 5
Let b(h) be the second derivative of h**4/6 - 5*h**3/6 + 9*h**2 + 10*h. Let s be b(13). Let n = -157 + s. What are the prime factors of n?
2, 67
Let a(v) = -13*v**2 + 8*v - 9. Let k(i) = 7*i**2 - 5*i + 4. Let f(d) = -6*a(d) - 11*k(d). Suppose 5*b = 8 - 48. List the prime factors of f(b).
2, 3
What are the prime factors of 283578/14 + (9 - (3960/42)/11)?
2, 3, 211
Let t be (-1869)/(-9) + ((-12)/(-9))/4. Suppose i = -2, 5*k + 2*i = t + 338. Suppose 4*l - 174 = -5*j + 46, j = -2*l + k. List the prime factors of l.
5, 11
Let q(z) = 107*z + 31. Let k be q(13). Suppose 6*j - k = 3*j - 3*u, 5*u + 2350 = 5*j. List the prime factors of j.
2, 59
Let t(v) = -3288*v - 2713. List the prime factors of t(-4).
11, 13, 73
Let i(j) = 5*j - 15. Let g be i(35). List the prime factors of 1 + (-6)/(-16) + 76260/g.
2, 239
Suppose 4026360 = -1332*b + 1390*b. What are the prime factors of b?
2, 3, 5, 13, 89
Let m = 57 + -55. Let k(b) = -1 - 2*b + 10*b**m - b + 8*b + 0*b**2. List the prime factors of k(-4).
139
Let w = 16 + 1. Suppose 0 = -w*r + 49*r - 30048. List the prime factors of r.
3, 313
Let r(s) = -24*s**2 - 3*s - 3. Let z be r(-1). Let k be (-4)/z*2 + (-2)/6. Suppose w = -v + 53 - k, -4*w = -3*v - 226. List the prime factors of w.
5, 11
Let r(s) = 29*s - 7. Let j be r(1). Let z(v) = v**2 + 37*v - 85. What are the prime factors of z(j)?
1213
Let s be 4/(9/(-12) - (-58)/56). List the prime factors of (-2)/s + (-163607)/(-413).
2, 3, 11
Let s(i) = -4*i + 20. Let f be s(6). List the prime factors of (-1454)/f - (-4)/(-8).
3, 11
Suppose 0 = -2*b - 5*c - 6 - 0, 5*c + 4 = -3*b. Suppose 2*z = -b*t - 18, -39 = 7*t - 2*t + 2*z. List the prime factors of (48/t)/((-4)/28).
2, 3
Let r(b) = -3*b - 15. Let n be r(-6). Suppose 0 = n*v + 6*v - 3654. List the prime factors of v.
2, 7, 29
Let q(w) = w**3 - 11*w**2 + 8*w + 23. Let o be q(10). Let f(c) = -4 + 0 + 3*c**3 - 6*c - c**2 + 3*c. What are the prime factors of f(o)?
59
Let o(m) = m**3 + 84*m**2 - 189*m + 546. What are the prime factors of o(-71)?
2, 39749
Let m = 6051 - -2329. List the prime factors of m.
2, 5, 419
Suppose -20*t + 427 = -13*t. Let z = t - 58. Suppose -z*j = 5*k - 980, 4*k - 8*k - 3*j + 787 = 0. What are the prime factors of k?
193
Suppose 22*h - 4*c + 4 = 19*h, h - 5 = -5*c. Suppose -3*a - l = -2*a - 355, 4*a - 2*l - 1420 = h. List the prime factors of a.
5, 71
Suppose -55*x + 21*x = 15*x - 699034. List the prime factors of x.
2, 7, 1019
Let p(r) = r**2 + r - 24. Let k be p(-5). Let c be -10*(-6)/(-18)*(-18)/k. Let y(d) = -2*d - 23. What are the prime factors of y(c)?
7
Let l = 55 + -62. What are the prime factors of (-21 - l)*37/(-2)?
7, 37
Let n = -597 + 2615. List the prime factors of n.
2, 1009
Suppose 78597 - 322610 = -79*p + 2*p. What are the prime factors of p?
3169
Let f(t) = t**2 - 3*t - 45. Let b be f(9). Suppose 0 = -3*p - 3*v + 1221, -8*v + 805 = 2*p - b*v. List the prime factors of p.
2, 101
Let a = 29 - 18. Let g(q) = 589 - 604 - 11*q - a*q - q. List the prime factors of g(-5).
2, 5
Let o = 76 - 36. Suppose -w - 3*w + o = 0. Suppose w*l = l + 2043. What are the prime factors of l?
227
Let c = 3060 - 27. Suppose 0 = 2*r + 2*p - 1094, 5*p - 854 = 4*r - c. Suppose 2*i - r = -4*i. List the prime factors of i.
7, 13
Let j(t) be the first derivative of 109*t**2 + 124*t - 155. List the prime factors of j(4).
2, 3, 83
Let y(q) = -379*q - 572. List the prime factors of y(-26).
2, 3, 7, 13, 17
Suppose -9*i + 2*i = 49. Let z(d) = 4*d**2 - 6*d + 7. Let s be z(i). Suppose -s = -6*q - 17. List the prime factors of q.
2, 19
Let w be 2/12 - 1*95/30. Let i be (178/(-6) - -3)*w/(-2). List the prime factors of 4/(-12)*i*(1 - -2).
2, 5
Suppose 337*a - 329*a = 6336. List the prime factors of a.
2, 3, 11
Suppose -55*z + 237467 = 278916 - 670649. What are the prime factors of z?
2, 5, 11, 13
Let i(u) = -461*u + 3. Let l be i(-1). Suppose 0 = -75*b + 69*b + 1494. Let r = l - b. List the prime factors of r.
5, 43
Suppose 4*w - 18689 - 16883 = 0. What are the prime factors of w?
8893
Let i be ((-1566)/10)/((-150)/1000). Suppose -i + 5069 = 23*a. What are the prime factors of a?
5, 7
Let z = -65 + 69. Suppose 5*d - 4*d = -z*k + 31, 0 = 5*k + 3*d - 44. Suppose 4*l + k*y - 64 = 2*y, -8 = -2*y. List the prime factors of l.
11
Let t(l) = -l**3 - 9*l**2 - 12*l - 14. Let x be t(-8). Suppose 2*u = x*u - 3024. List the prime factors of u.
3, 7
Let y(k) = 4088*k + 134. Let w be y(5). Suppose -14*s + w = 13*s. What are the prime factors of s?
2, 3, 127
Let l(a) = 56*a**2 + 18*a + 189. What are the prime factors of l(-11)?
67, 101
Let p = -647 + 654. Suppose -5*m + p*m - 2*l - 868 = 0, 5*m - 4*l - 2167 = 0. What are the prime factors of m?
431
Suppose -2*j - 5*k + 2*k + 3 = 0, 30 = 3*j - 4*k. Suppose -5*b = -3*a + 549, -5*a - j*b + 881 = -3*b. List the prime factors of a.
2, 89
Suppose 0 = 3*i + 2*i - 5. Let v be 2/1 - (0 - (1 - i)). Suppose 4*c = 4*l - 504, -3*l - 2*c + 651 = v*l. List the prime factors of l.
3, 43
Let b(x) = -324*x - 210. Suppose -4*p = 4*j + 5 + 11, p = -4*j - 1. What are the prime factors of b(p)?
2, 3, 5, 47
Let g be (-3)/(3 + 0) + -561 + 1. Let k = g + 624. What are the prime factors of k?
3, 7
Suppose 6*y + r + 17 = 7*y, -4*r + 4 = 0. Suppose -2*s + y*s = 7648. What are the prime factors of s?
2, 239
Suppose 71*m - 361724 = 247172. What are the prime factors of m?
2, 67
Let u(n) = -3*n + 14. Let x be u(26). List the prime factors of (x/48)/((-8)/5844).
2, 487
Suppose -5*n + 3*o + 32 = o, -4*o = n - 2. Let c be 599/n + (-2)/(-12). Suppose -4*b + c = -40. List the prime factors of b.
5, 7
Suppose 4*q = 7*q + 3. Let j be (2 - 2)/(-5)*-1. What are the prime factors of -14*(2/q - (j + -1))?
2, 7
Suppose -30731 - 135365 = -16*w. List the prime factors of w.
7, 1483
Let l(o) = -o**2 - 5*o - 3. Let n b